 factors of c(2)?
5
Let q = -8 - -18. Let t = q + -5. Suppose 4*a - 6 + 22 = j, -t*a = 3*j + 3. What are the prime factors of j?
2
Let g(r) = 6 + 2 + 5*r - 8. What are the prime factors of g(1)?
5
Suppose 10 = 3*s + 2*x, 5*s - 3 + 13 = 2*x. Let v = 3 + s. What are the prime factors of v?
3
Let b = 18 - -49. What are the prime factors of b?
67
Let u be (4/3)/((-2)/6). Let c = 17 + -11. Let a = c + u. What are the prime factors of a?
2
Suppose c = u - 2*c - 51, 5*u + 5*c = 275. What are the prime factors of u?
2, 3
Suppose -t + 80 = 5*f, f + 3*t = 2*t + 20. Suppose v - f = 1. What are the prime factors of v?
2
Let s(l) = -13*l - 64. List the prime factors of s(-25).
3, 29
Let w(o) = -7*o**3 + 7*o**2 + 4*o**3 + 2*o**3. Let k be w(7). Suppose -p = 2*a - 14, -2*a - 2*p - 4 + 18 = k. What are the prime factors of a?
7
Suppose 0 = -k + r + 4, -5*k - 4*r = -k - 48. Let x = k - 4. Suppose 2*y = -x*v + 42, 0 = 5*y - v + 6*v - 90. What are the prime factors of y?
3, 5
Let c = 58 + -37. Suppose 0 = 5*h - 4*h - 3*w + 6, 5*h + 2*w = c. What are the prime factors of (-2)/h*(0 - 18)?
2, 3
Let x be (-2)/(-2)*1 + 3. Suppose -x*d = -2*d. Suppose 0 = 3*f - d*f - 42. What are the prime factors of f?
2, 7
Let v = -6 - -14. What are the prime factors of v?
2
Suppose -5*f - 69 + 220 = 2*c, 3*c - 56 = -2*f. Let i be (7/2)/((-2)/(-4)). Suppose -i = 4*w - f. What are the prime factors of w?
2, 3
Let c = -252 + 358. What are the prime factors of c?
2, 53
Let u(a) be the first derivative of -a**4/4 + 8*a**3/3 + a**2 + 4*a + 2. List the prime factors of u(8).
2, 5
Let l = 0 + -2. Let i be 19/5 + l/(-10). Suppose 5*h - 47 = -t - 7, 2*h - i*t + 6 = 0. What are the prime factors of h?
7
Let o(l) = l**3 - 6*l**2 + 2. Let w be o(6). Let d = w + 1. What are the prime factors of 57/9 - 1/d?
2, 3
Let o = -85 + 57. List the prime factors of (-288)/o + (-6)/21.
2, 5
Let v = -7 - -13. Suppose v*i - i = -2*h + 104, 4*i = 2*h + 76. What are the prime factors of i?
2, 5
What are the prime factors of (-1 + 0)/((-4)/12)?
3
Let n be (-4)/(-22) + (-62)/(-22). Let u(z) = -4*z - 4 - 4*z - z**2 - n. What are the prime factors of u(-6)?
5
Let g(r) = r**3 - 8*r**2 + 34*r - 7. List the prime factors of g(8).
5, 53
Let b = 187 - 110. List the prime factors of b.
7, 11
Suppose 4*o - y + 100 = 5*o, 0 = 3*o + y - 292. Suppose -4*p + o = -0*p. What are the prime factors of p?
2, 3
Suppose -4*h + 31 = -q + 6*q, -4*q - 20 = 0. List the prime factors of h.
2, 7
Let c be (-5)/6*-2*3. Suppose v - 2 = -c*w, -w = v - 15 + 5. What are the prime factors of v?
2, 3
List the prime factors of (-1)/((-2)/2)*21.
3, 7
Suppose 0 = -2*s + 6 - 0. Suppose -2*x = s - 9. What are the prime factors of x?
3
Suppose -7*q = -2*q - 20, 2*q = 4*c - 8. What are the prime factors of c?
2
Let l = 7 + -5. Suppose -l*g - 40 = -7*g. List the prime factors of g.
2
What are the prime factors of (3 - 0)/((-9)/(-84))?
2, 7
Let k(l) = -l - 10. Let j be k(-6). Let i(x) = -12*x + 3. List the prime factors of i(j).
3, 17
What are the prime factors of 2030/56 + 1/(-4)?
2, 3
Suppose b = 1, 2*a + 3*b + b = 32. What are the prime factors of a?
2, 7
Let g be (20/8)/((-2)/(-4)). Suppose -4*s = -c + 28, g*c + 2*s - 140 = 4*s. What are the prime factors of c?
2, 7
Let l = 139 - 38. What are the prime factors of l?
101
Let g(k) = 2*k - 4. Let q be g(10). Suppose 0*o + q = 2*o. What are the prime factors of o?
2
Let w = 30 - 15. List the prime factors of w.
3, 5
Let c(i) = -i**2 - 5*i - 5. Let d be c(-4). List the prime factors of (d/(3/54))/(-2).
3
Suppose k + 2*k - 21 = 2*z, 2*k = -10. List the prime factors of 14/63 - 32/z.
2
Let r be (45/6)/((-1)/2). Let o = 37 + r. What are the prime factors of ((-3)/(-6))/(1/o)?
11
Let a(h) = h**3 - 7*h**2 + 18*h - 7. What are the prime factors of a(9)?
317
Let z = -11 - -17. Let w = 4 + -4. Let q = z - w. List the prime factors of q.
2, 3
Suppose 2*o - 2*d = -o + 337, d = 3*o - 341. List the prime factors of o.
5, 23
Let u(i) = -i**2 + 5*i + 8. Let h be u(-5). Let x = h - -63. What are the prime factors of x?
3, 7
Let c(w) = -w - 3. Let p be c(-8). Suppose -2*y = 3*m - 5*y - 21, 5*m + 5*y + p = 0. Suppose d + m*d = 36. What are the prime factors of d?
3
Let t(b) = b**3 + 5*b**2 + 3*b - 5. Let x be t(-4). Let q(o) = -7*o**3 - 2*o**2 - 2*o - 1. Let h be q(x). Suppose j - h = -0*j. List the prime factors of j.
2, 3
Suppose 4*g - 128 = -4*j, -j - 26 = -g + 6. What are the prime factors of g?
2
Suppose 0*w = 3*w - 5*o + 93, 5*w - 4*o + 142 = 0. Let v = w + 37. What are the prime factors of v?
11
Let q be 369/(-21) - (-8)/14. Let i = 51 + q. What are the prime factors of i?
2, 17
List the prime factors of (3378/15)/2 + (-2)/(-5).
113
Let f = -6 - 0. What are the prime factors of (-60)/f*(0 - -2)?
2, 5
Suppose 0 = 2*v + 2*v - 16. Suppose -4*d + v*y = -60, -d = -3*d - 5*y + 2. What are the prime factors of d?
11
Let n(q) = 9*q - q**2 + 5*q**2 + 2 - 3*q**2. Let k be n(-9). Suppose x = 3*p - k, p = 3 + 1. List the prime factors of x.
2, 5
What are the prime factors of 15757/49 - (-4)/(-7)?
3, 107
Let z be (-14)/(-2) - (1 + 1). Suppose 3*l - 4*l + 43 = -4*x, -3*l + 61 = z*x. List the prime factors of l.
3
Let l = 109 - 56. Let o = 9 + 3. What are the prime factors of l/4 - 3/o?
13
Suppose 0 = -3*x - 2*d + 1189, 5*x - 1973 = -d + 2*d. List the prime factors of x.
5, 79
Let v be (-4*1)/(-4 - -2). Suppose -35 = -v*w - 15. List the prime factors of w.
2, 5
Suppose -30 = 8*p - 3*p. Let j(o) = o**2 + 4*o + 9. List the prime factors of j(p).
3, 7
Let d = -8 + 7. List the prime factors of 22/8*(5 + d).
11
Let t(y) be the third derivative of 0*y - 5/6*y**3 + 2*y**2 + 0 + 1/120*y**6 + 1/12*y**4 - 1/12*y**5. What are the prime factors of t(5)?
5
Let u(g) = 3*g + g + 5 + g**2 + 2*g. Let x be u(-5). Suppose x*z - 4*z = -44. List the prime factors of z.
11
Let r(g) = 2*g - 8. Let z be r(6). Suppose -z*l + 44 = 4*v, 4*v + l - 17 = 2*v. List the prime factors of v.
2, 3
Let i(o) = 2*o**3 + o**2 - 3*o + 2. List the prime factors of i(3).
2, 7
Suppose 0 = -3*c + 15 + 270. What are the prime factors of c?
5, 19
Let f be 3/((-9)/(-75)) + 2. Let g = -11 + f. List the prime factors of g.
2
Suppose -s = 3*j - 202, 2*s = -j + 302 + 122. List the prime factors of s.
2, 107
What are the prime factors of -2*(-3)/(-3)*-20?
2, 5
Suppose 3*u + 43 - 1 = 0. Let q = -10 - u. Suppose q = y + 2. List the prime factors of y.
2
Let a(h) = -2*h**2 + 19*h + 16. Let v be a(15). Let y = -105 - v. What are the prime factors of y?
2, 11
Let r = 9 + -2. Let p(z) = z - 6. Let j be p(r). List the prime factors of 2/(j + (-6)/8).
2
Suppose 2*w = -5*v - w + 2224, 890 = 2*v + w. Let n be v/(-18) + 2/(-9). What are the prime factors of (8/5)/((-10)/n)?
2
Suppose g - 3*g + 150 = 0. What are the prime factors of g?
3, 5
Let c(n) = 4*n**2 + 7*n + 4. Let j be c(-5). Let q = j + -25. List the prime factors of q.
2, 11
Let c be (1 - (0 - 1)) + 0. Suppose -30 = 2*s - 6*s + c*z, -3*z - 37 = -5*s. What are the prime factors of 1/4 + 30/s?
2
Suppose s + u = -4, 8*s = 3*s - 4*u - 25. Let c be (s/(-6) + -2)*0. Suppose -3*a + 42 - 15 = c. List the prime factors of a.
3
Let i(r) = -r**2 - 13*r - 4. Let z be 2/(2*4/(-36)). What are the prime factors of i(z)?
2
Let m(y) be the first derivative of 4*y**3/3 + y**2/2 - y - 2. What are the prime factors of m(-2)?
13
Suppose 4 = 2*p + 5*n + 13, -9 = p - 2*n. Suppose -2*h = 49 - 13. Let a = p - h. What are the prime factors of a?
11
Let b be (4 - 7) + 1*7. Suppose 0 = 2*g - b*g + 30. Let q = g - 8. What are the prime factors of q?
7
Let w(k) = -k**3 - 15*k**2 - 14*k - 1. Let y be w(-14). Let v be ((-7)/2)/((-2)/4). Let r = v - y. List the prime factors of r.
2
Let t be (-2)/(-3)*45/6. Suppose -2*i = -4*l + 6 - 0, 0 = -2*i - l + 9. Suppose i*c + 4*z - 15 = -2*c, -t*c + 5*z = -15. List the prime factors of c.
3
Let h(p) = 3*p**2 - 13*p. What are the prime factors of h(7)?
2, 7
Let f = -13 - -18. Suppose l - f*l = 4. List the prime factors of -3 + 39/(-3)*l.
2, 5
Suppose 0 = 4*g + 3*l + 123, 15 = 8*l - 3*l. List the prime factors of (176/g)/(1/(-3)).
2
Let x(w) = -9*w**3 - 2*w**2 + 2*w - 1. Let p be x(1). Let u(c) = -c**3 + 10*c**2 + 3*c**3 - c**3 - 15 - 2*c. What are the prime factors of u(p)?
5
Let f(p) = -5*p - 4. Let c = 4 + -1. Let y b